{"id":8,"date":"2022-05-13T10:28:38","date_gmt":"2022-05-13T08:28:38","guid":{"rendered":"http:\/\/ardakarasu.com\/home\/?page_id=8"},"modified":"2024-06-13T11:02:20","modified_gmt":"2024-06-13T09:02:20","slug":"ueber-uns","status":"publish","type":"page","link":"https:\/\/ardakarasu.com\/?page_id=8","title":{"rendered":"Profil"},"content":{"rendered":"\n<p class=\"has-drop-cap\">Ich bin promovierter Architekt, Sachverst\u00e4ndiger Nachhaltiges Bauen und Forscher, der sich in seiner Karriere auf Geb\u00e4udetechnologien und nachhaltige Architektur spezialisiert hat. Diverse berufliche Stationen haben es mir erm\u00f6glicht, mich mit Geb\u00e4udetechnik und energieeffizienter Architektur sowohl in der Praxis als auch in der Wissenschaft im internationalen Kontext auseinanderzusetzen. Die Wichtigkeit einer ressourcenschonenden und energieeffizienten Architektur habe ich bereits im Studium erkannt und mich im Rahmen meiner Promotion der Maxime \u201eArchitektur als Wissenschaft der Welt\u201c gewidmet. Mit praxisnahen und anwendungsorientierten Forschungsprojekten zu Neubauten, Bestandsgeb\u00e4uden und Quartieren, bei denen ich \u00fcber 6 Mio. Euro F\u00f6rderung akquirieren konnte, habe ich Energiekonzepte f\u00fcr Geb\u00e4ude und Quartiere entwickelt, welche alle umgesetzt wurden. Zudem konnte ich mein Know-how bei f\u00fcnf realisierten Geb\u00e4uden mit \u00fcber 15.000 m<sup>2<\/sup> NGF sowohl nach gestalterischen als auch nach energetischen Gesichtspunkten umsetzen. Es war mir in dieser Zeit immer ein besonderes Anliegen, meine Erfahrungen in Wissenschaft und Praxis bei fachspezifischen Lehrveranstaltungen mit den Studierenden zu teilen<\/p>\n\n\n\n<figure class=\"wp-block-image size-full\"><img loading=\"lazy\" decoding=\"async\" width=\"792\" height=\"1024\" src=\"http:\/\/ardakarasu.com\/home\/wp-content\/uploads\/2022\/05\/Arda-Karasu_klein-792x1024-1.png\" alt=\"\" class=\"wp-image-250\" srcset=\"https:\/\/ardakarasu.com\/wp-content\/uploads\/2022\/05\/Arda-Karasu_klein-792x1024-1.png 792w, https:\/\/ardakarasu.com\/wp-content\/uploads\/2022\/05\/Arda-Karasu_klein-792x1024-1-232x300.png 232w, https:\/\/ardakarasu.com\/wp-content\/uploads\/2022\/05\/Arda-Karasu_klein-792x1024-1-768x993.png 768w\" sizes=\"auto, (max-width: 792px) 100vw, 792px\" \/><\/figure>\n\n\n\n<p><\/p>\n","protected":false},"excerpt":{"rendered":"<p>Ich bin promovierter Architekt, Sachverst\u00e4ndiger Nachhaltiges Bauen und Forscher, der sich in seiner Karriere auf Geb\u00e4udetechnologien und nachhaltige Architektur spezialisiert hat. Diverse berufliche Stationen haben es mir erm\u00f6glicht, mich mit Geb\u00e4udetechnik und energieeffizienter Architektur sowohl in der Praxis als auch in der Wissenschaft im internationalen Kontext auseinanderzusetzen. Die Wichtigkeit einer ressourcenschonenden und energieeffizienten Architektur habe [&hellip;]<\/p>\n","protected":false},"author":1,"featured_media":0,"parent":0,"menu_order":0,"comment_status":"closed","ping_status":"closed","template":"","meta":{"footnotes":""},"class_list":["post-8","page","type-page","status-publish","hentry"],"_links":{"self":[{"href":"https:\/\/ardakarasu.com\/index.php?rest_route=\/wp\/v2\/pages\/8","targetHints":{"allow":["GET"]}}],"collection":[{"href":"https:\/\/ardakarasu.com\/index.php?rest_route=\/wp\/v2\/pages"}],"about":[{"href":"https:\/\/ardakarasu.com\/index.php?rest_route=\/wp\/v2\/types\/page"}],"author":[{"embeddable":true,"href":"https:\/\/ardakarasu.com\/index.php?rest_route=\/wp\/v2\/users\/1"}],"replies":[{"embeddable":true,"href":"https:\/\/ardakarasu.com\/index.php?rest_route=%2Fwp%2Fv2%2Fcomments&post=8"}],"version-history":[{"count":4,"href":"https:\/\/ardakarasu.com\/index.php?rest_route=\/wp\/v2\/pages\/8\/revisions"}],"predecessor-version":[{"id":412,"href":"https:\/\/ardakarasu.com\/index.php?rest_route=\/wp\/v2\/pages\/8\/revisions\/412"}],"wp:attachment":[{"href":"https:\/\/ardakarasu.com\/index.php?rest_route=%2Fwp%2Fv2%2Fmedia&parent=8"}],"curies":[{"name":"wp","href":"https:\/\/api.w.org\/{rel}","templated":true}]}}

<p class="has-drop-cap">Ich bin promovierter Architekt, Sachverständiger Nachhaltiges Bauen und Forscher, der sich in seiner Karriere auf Gebäudetechnologien und nachhaltige Architektur spezialisiert hat. Diverse berufliche Stationen haben es mir ermöglicht, mich mit Gebäudetechnik und energieeffizienter Architektur sowohl in der Praxis als auch in der Wissenschaft im internationalen Kontext auseinanderzusetzen. Die Wichtigkeit einer ressourcenschonenden und energieeffizienten Architektur habe ich bereits im Studium erkannt und mich im Rahmen meiner Promotion der Maxime „Architektur als Wissenschaft der Welt“ gewidmet. Mit praxisnahen und anwendungsorientierten Forschungsprojekten zu Neubauten, Bestandsgebäuden und Quartieren, bei denen ich über 6 Mio. Euro Förderung akquirieren konnte, habe ich Energiekonzepte für Gebäude und Quartiere entwickelt, welche alle umgesetzt wurden. Zudem konnte ich mein Know-how bei fünf realisierten Gebäuden mit über 15.000 m<sup>2</sup> NGF sowohl nach gestalterischen als auch nach energetischen Gesichtspunkten umsetzen. Es war mir in dieser Zeit immer ein besonderes Anliegen, meine Erfahrungen in Wissenschaft und Praxis bei fachspezifischen Lehrveranstaltungen mit den Studierenden zu teilen</p>



<figure class="wp-block-image size-full"><img loading="lazy" decoding="async" width="792" height="1024" src="http://ardakarasu.com/home/wp-content/uploads/2022/05/Arda-Karasu_klein-792x1024-1.png" alt="" class="wp-image-250" srcset="https://ardakarasu.com/wp-content/uploads/2022/05/Arda-Karasu_klein-792x1024-1.png 792w, https://ardakarasu.com/wp-content/uploads/2022/05/Arda-Karasu_klein-792x1024-1-232x300.png 232w, https://ardakarasu.com/wp-content/uploads/2022/05/Arda-Karasu_klein-792x1024-1-768x993.png 768w" sizes="auto, (max-width: 792px) 100vw, 792px" /></figure>



<p></p>

<p>Ich bin promovierter Architekt, Sachverständiger Nachhaltiges Bauen und Forscher, der sich in seiner Karriere auf Gebäudetechnologien und nachhaltige Architektur spezialisiert hat. Diverse berufliche Stationen haben es mir ermöglicht, mich mit Gebäudetechnik und energieeffizienter Architektur sowohl in der Praxis als auch in der Wissenschaft im internationalen Kontext auseinanderzusetzen. Die Wichtigkeit einer ressourcenschonenden und energieeffizienten Architektur habe [&hellip;]</p>
