{"id":66,"date":"2022-05-13T11:34:13","date_gmt":"2022-05-13T09:34:13","guid":{"rendered":"http:\/\/ardakarasu.com\/home\/?page_id=66"},"modified":"2022-08-05T19:25:51","modified_gmt":"2022-08-05T17:25:51","slug":"hotel","status":"publish","type":"page","link":"https:\/\/ardakarasu.com\/?page_id=66","title":{"rendered":"Hotel"},"content":{"rendered":"\n<div class=\"wp-block-columns is-layout-flex wp-container-core-columns-is-layout-9d6595d7 wp-block-columns-is-layout-flex\">\n<div class=\"wp-block-column is-layout-flow wp-block-column-is-layout-flow\" style=\"flex-basis:33.33%\">\n<p><\/p>\n\n\n\n<p><strong>Bauherr: <\/strong>Privat<br><strong>Standort:<\/strong> T\u00fcrkei<br><strong>Architekt: <\/strong>Karasu, Dere<br>(LP1-5)<br><strong>Klimakonzept:<\/strong> A. Karasu<br><strong>NGF: <\/strong>3.655 m\u00b2<br><strong>Stand:<\/strong> Gebaut, 2017<\/p>\n<\/div>\n\n\n\n<div class=\"wp-block-column is-layout-flow wp-block-column-is-layout-flow\" style=\"flex-basis:66.66%\">\n<figure class=\"wp-block-image size-full\"><img loading=\"lazy\" decoding=\"async\" width=\"969\" height=\"672\" src=\"http:\/\/ardakarasu.com\/home\/wp-content\/uploads\/2022\/05\/bildsivas.jpg\" alt=\"\" class=\"wp-image-205\" srcset=\"https:\/\/ardakarasu.com\/wp-content\/uploads\/2022\/05\/bildsivas.jpg 969w, https:\/\/ardakarasu.com\/wp-content\/uploads\/2022\/05\/bildsivas-300x208.jpg 300w, https:\/\/ardakarasu.com\/wp-content\/uploads\/2022\/05\/bildsivas-768x533.jpg 768w\" sizes=\"auto, (max-width: 969px) 100vw, 969px\" \/><\/figure>\n<\/div>\n<\/div>\n\n\n\n<p>Die quadratische Karawanserei vom 16. Jahrhundert wurde in ein<br>Hotel umfunktioniert. Die Struktur des Bestands wurde denkmalgerecht renoviert und partiell mit Bodenbel\u00e4gen aus Glas konserviert.<br>Einen besonderen Wert wurde auf Nachhaltigkeit gelegt und weitestgehend \u00f6rtliche Ressourcen genutzt. Um die Nutzungsm\u00f6glichkeiten zu erh\u00f6hen und den harten Klimabedingungen der Stadt in der Winterperiode entgegenzukommen, wurde ein Schiebedach auf den Hof installiert. Im Sommer ist es m\u00f6glich dieses Dach um 50% zu \u00f6ffnen, um die Erhitzung des Hofes zu vermeiden. Im offenen Bereich befinden sich bewegliche Verschattungselemente aus Textil, welche die Sonnenstrahlung reflektieren.<\/p>\n\n\n\n<figure class=\"wp-block-image size-large\"><img loading=\"lazy\" decoding=\"async\" width=\"1024\" height=\"441\" src=\"http:\/\/ardakarasu.com\/home\/wp-content\/uploads\/2022\/05\/sivas-004-1024x441.png\" alt=\"\" class=\"wp-image-178\" srcset=\"https:\/\/ardakarasu.com\/wp-content\/uploads\/2022\/05\/sivas-004-1024x441.png 1024w, https:\/\/ardakarasu.com\/wp-content\/uploads\/2022\/05\/sivas-004-300x129.png 300w, https:\/\/ardakarasu.com\/wp-content\/uploads\/2022\/05\/sivas-004-768x331.png 768w, https:\/\/ardakarasu.com\/wp-content\/uploads\/2022\/05\/sivas-004-1536x661.png 1536w, https:\/\/ardakarasu.com\/wp-content\/uploads\/2022\/05\/sivas-004-1200x516.png 1200w, https:\/\/ardakarasu.com\/wp-content\/uploads\/2022\/05\/sivas-004.png 1759w\" sizes=\"auto, (max-width: 1024px) 100vw, 1024px\" \/><\/figure>\n\n\n\n<div class=\"wp-block-columns is-layout-flex wp-container-core-columns-is-layout-9d6595d7 wp-block-columns-is-layout-flex\">\n<div class=\"wp-block-column is-layout-flow wp-block-column-is-layout-flow\">\n<figure class=\"wp-block-image size-full is-resized\"><img loading=\"lazy\" decoding=\"async\" src=\"http:\/\/ardakarasu.com\/home\/wp-content\/uploads\/2022\/08\/IMG_2569-e1659720293702.jpg\" alt=\"\" class=\"wp-image-298\" width=\"288\" height=\"379\" srcset=\"https:\/\/ardakarasu.com\/wp-content\/uploads\/2022\/08\/IMG_2569-e1659720293702.jpg 519w, https:\/\/ardakarasu.com\/wp-content\/uploads\/2022\/08\/IMG_2569-e1659720293702-228x300.jpg 228w\" sizes=\"auto, (max-width: 288px) 100vw, 288px\" \/><\/figure>\n<\/div>\n\n\n\n<div class=\"wp-block-column is-layout-flow wp-block-column-is-layout-flow\">\n<figure class=\"wp-block-image size-large\"><img loading=\"lazy\" decoding=\"async\" width=\"768\" height=\"1024\" src=\"http:\/\/ardakarasu.com\/home\/wp-content\/uploads\/2022\/08\/IMG_6788-scaled-1-768x1024.jpg\" alt=\"\" class=\"wp-image-299\" srcset=\"https:\/\/ardakarasu.com\/wp-content\/uploads\/2022\/08\/IMG_6788-scaled-1-768x1024.jpg 768w, https:\/\/ardakarasu.com\/wp-content\/uploads\/2022\/08\/IMG_6788-scaled-1-225x300.jpg 225w, https:\/\/ardakarasu.com\/wp-content\/uploads\/2022\/08\/IMG_6788-scaled-1-1152x1536.jpg 1152w, https:\/\/ardakarasu.com\/wp-content\/uploads\/2022\/08\/IMG_6788-scaled-1-1200x1600.jpg 1200w, https:\/\/ardakarasu.com\/wp-content\/uploads\/2022\/08\/IMG_6788-scaled-1.jpg 1440w\" sizes=\"auto, (max-width: 768px) 100vw, 768px\" \/><\/figure>\n<\/div>\n<\/div>\n\n\n\n<figure class=\"wp-block-gallery has-nested-images columns-default is-cropped wp-block-gallery-1 is-layout-flex wp-block-gallery-is-layout-flex\">\n<figure class=\"wp-block-image size-large\"><img loading=\"lazy\" decoding=\"async\" width=\"969\" height=\"574\" data-id=\"300\" src=\"http:\/\/ardakarasu.com\/home\/wp-content\/uploads\/2022\/08\/bildsivas-01.jpeg\" alt=\"\" class=\"wp-image-300\" srcset=\"https:\/\/ardakarasu.com\/wp-content\/uploads\/2022\/08\/bildsivas-01.jpeg 969w, https:\/\/ardakarasu.com\/wp-content\/uploads\/2022\/08\/bildsivas-01-300x178.jpeg 300w, https:\/\/ardakarasu.com\/wp-content\/uploads\/2022\/08\/bildsivas-01-768x455.jpeg 768w\" sizes=\"auto, (max-width: 969px) 100vw, 969px\" \/><\/figure>\n<\/figure>\n","protected":false},"excerpt":{"rendered":"<p>Bauherr: PrivatStandort: T\u00fcrkeiArchitekt: Karasu, Dere(LP1-5)Klimakonzept: A. KarasuNGF: 3.655 m\u00b2Stand: Gebaut, 2017 Die quadratische Karawanserei vom 16. Jahrhundert wurde in einHotel umfunktioniert. Die Struktur des Bestands wurde denkmalgerecht renoviert und partiell mit Bodenbel\u00e4gen aus Glas konserviert.Einen besonderen Wert wurde auf Nachhaltigkeit gelegt und weitestgehend \u00f6rtliche Ressourcen genutzt. Um die Nutzungsm\u00f6glichkeiten zu erh\u00f6hen und den harten Klimabedingungen [&hellip;]<\/p>\n","protected":false},"author":1,"featured_media":0,"parent":0,"menu_order":0,"comment_status":"closed","ping_status":"closed","template":"","meta":{"footnotes":""},"class_list":["post-66","page","type-page","status-publish","hentry"],"_links":{"self":[{"href":"https:\/\/ardakarasu.com\/index.php?rest_route=\/wp\/v2\/pages\/66","targetHints":{"allow":["GET"]}}],"collection":[{"href":"https:\/\/ardakarasu.com\/index.php?rest_route=\/wp\/v2\/pages"}],"about":[{"href":"https:\/\/ardakarasu.com\/index.php?rest_route=\/wp\/v2\/types\/page"}],"author":[{"embeddable":true,"href":"https:\/\/ardakarasu.com\/index.php?rest_route=\/wp\/v2\/users\/1"}],"replies":[{"embeddable":true,"href":"https:\/\/ardakarasu.com\/index.php?rest_route=%2Fwp%2Fv2%2Fcomments&post=66"}],"version-history":[{"count":4,"href":"https:\/\/ardakarasu.com\/index.php?rest_route=\/wp\/v2\/pages\/66\/revisions"}],"predecessor-version":[{"id":301,"href":"https:\/\/ardakarasu.com\/index.php?rest_route=\/wp\/v2\/pages\/66\/revisions\/301"}],"wp:attachment":[{"href":"https:\/\/ardakarasu.com\/index.php?rest_route=%2Fwp%2Fv2%2Fmedia&parent=66"}],"curies":[{"name":"wp","href":"https:\/\/api.w.org\/{rel}","templated":true}]}}

<div class="wp-block-columns is-layout-flex wp-container-core-columns-is-layout-9d6595d7 wp-block-columns-is-layout-flex">
<div class="wp-block-column is-layout-flow wp-block-column-is-layout-flow" style="flex-basis:33.33%">
<p></p>



<p><strong>Bauherr: </strong>Privat<br><strong>Standort:</strong> Türkei<br><strong>Architekt: </strong>Karasu, Dere<br>(LP1-5)<br><strong>Klimakonzept:</strong> A. Karasu<br><strong>NGF: </strong>3.655 m²<br><strong>Stand:</strong> Gebaut, 2017</p>
</div>



<div class="wp-block-column is-layout-flow wp-block-column-is-layout-flow" style="flex-basis:66.66%">
<figure class="wp-block-image size-full"><img loading="lazy" decoding="async" width="969" height="672" src="http://ardakarasu.com/home/wp-content/uploads/2022/05/bildsivas.jpg" alt="" class="wp-image-205" srcset="https://ardakarasu.com/wp-content/uploads/2022/05/bildsivas.jpg 969w, https://ardakarasu.com/wp-content/uploads/2022/05/bildsivas-300x208.jpg 300w, https://ardakarasu.com/wp-content/uploads/2022/05/bildsivas-768x533.jpg 768w" sizes="auto, (max-width: 969px) 100vw, 969px" /></figure>
</div>
</div>



<p>Die quadratische Karawanserei vom 16. Jahrhundert wurde in ein<br>Hotel umfunktioniert. Die Struktur des Bestands wurde denkmalgerecht renoviert und partiell mit Bodenbelägen aus Glas konserviert.<br>Einen besonderen Wert wurde auf Nachhaltigkeit gelegt und weitestgehend örtliche Ressourcen genutzt. Um die Nutzungsmöglichkeiten zu erhöhen und den harten Klimabedingungen der Stadt in der Winterperiode entgegenzukommen, wurde ein Schiebedach auf den Hof installiert. Im Sommer ist es möglich dieses Dach um 50% zu öffnen, um die Erhitzung des Hofes zu vermeiden. Im offenen Bereich befinden sich bewegliche Verschattungselemente aus Textil, welche die Sonnenstrahlung reflektieren.</p>



<figure class="wp-block-image size-large"><img loading="lazy" decoding="async" width="1024" height="441" src="http://ardakarasu.com/home/wp-content/uploads/2022/05/sivas-004-1024x441.png" alt="" class="wp-image-178" srcset="https://ardakarasu.com/wp-content/uploads/2022/05/sivas-004-1024x441.png 1024w, https://ardakarasu.com/wp-content/uploads/2022/05/sivas-004-300x129.png 300w, https://ardakarasu.com/wp-content/uploads/2022/05/sivas-004-768x331.png 768w, https://ardakarasu.com/wp-content/uploads/2022/05/sivas-004-1536x661.png 1536w, https://ardakarasu.com/wp-content/uploads/2022/05/sivas-004-1200x516.png 1200w, https://ardakarasu.com/wp-content/uploads/2022/05/sivas-004.png 1759w" sizes="auto, (max-width: 1024px) 100vw, 1024px" /></figure>



<div class="wp-block-columns is-layout-flex wp-container-core-columns-is-layout-9d6595d7 wp-block-columns-is-layout-flex">
<div class="wp-block-column is-layout-flow wp-block-column-is-layout-flow">
<figure class="wp-block-image size-full is-resized"><img loading="lazy" decoding="async" src="http://ardakarasu.com/home/wp-content/uploads/2022/08/IMG_2569-e1659720293702.jpg" alt="" class="wp-image-298" width="288" height="379" srcset="https://ardakarasu.com/wp-content/uploads/2022/08/IMG_2569-e1659720293702.jpg 519w, https://ardakarasu.com/wp-content/uploads/2022/08/IMG_2569-e1659720293702-228x300.jpg 228w" sizes="auto, (max-width: 288px) 100vw, 288px" /></figure>
</div>



<div class="wp-block-column is-layout-flow wp-block-column-is-layout-flow">
<figure class="wp-block-image size-large"><img loading="lazy" decoding="async" width="768" height="1024" src="http://ardakarasu.com/home/wp-content/uploads/2022/08/IMG_6788-scaled-1-768x1024.jpg" alt="" class="wp-image-299" srcset="https://ardakarasu.com/wp-content/uploads/2022/08/IMG_6788-scaled-1-768x1024.jpg 768w, https://ardakarasu.com/wp-content/uploads/2022/08/IMG_6788-scaled-1-225x300.jpg 225w, https://ardakarasu.com/wp-content/uploads/2022/08/IMG_6788-scaled-1-1152x1536.jpg 1152w, https://ardakarasu.com/wp-content/uploads/2022/08/IMG_6788-scaled-1-1200x1600.jpg 1200w, https://ardakarasu.com/wp-content/uploads/2022/08/IMG_6788-scaled-1.jpg 1440w" sizes="auto, (max-width: 768px) 100vw, 768px" /></figure>
</div>
</div>



<figure class="wp-block-gallery has-nested-images columns-default is-cropped wp-block-gallery-1 is-layout-flex wp-block-gallery-is-layout-flex">
<figure class="wp-block-image size-large"><img loading="lazy" decoding="async" width="969" height="574" data-id="300" src="http://ardakarasu.com/home/wp-content/uploads/2022/08/bildsivas-01.jpeg" alt="" class="wp-image-300" srcset="https://ardakarasu.com/wp-content/uploads/2022/08/bildsivas-01.jpeg 969w, https://ardakarasu.com/wp-content/uploads/2022/08/bildsivas-01-300x178.jpeg 300w, https://ardakarasu.com/wp-content/uploads/2022/08/bildsivas-01-768x455.jpeg 768w" sizes="auto, (max-width: 969px) 100vw, 969px" /></figure>
</figure>

<p>Bauherr: PrivatStandort: TürkeiArchitekt: Karasu, Dere(LP1-5)Klimakonzept: A. KarasuNGF: 3.655 m²Stand: Gebaut, 2017 Die quadratische Karawanserei vom 16. Jahrhundert wurde in einHotel umfunktioniert. Die Struktur des Bestands wurde denkmalgerecht renoviert und partiell mit Bodenbelägen aus Glas konserviert.Einen besonderen Wert wurde auf Nachhaltigkeit gelegt und weitestgehend örtliche Ressourcen genutzt. Um die Nutzungsmöglichkeiten zu erhöhen und den harten Klimabedingungen [&hellip;]</p>
