{"id":64,"date":"2022-05-13T11:34:13","date_gmt":"2022-05-13T09:34:13","guid":{"rendered":"http:\/\/ardakarasu.com\/home\/?page_id=64"},"modified":"2022-08-05T19:14:46","modified_gmt":"2022-08-05T17:14:46","slug":"berufsschule","status":"publish","type":"page","link":"https:\/\/ardakarasu.com\/?page_id=64","title":{"rendered":"Berufsschule"},"content":{"rendered":"\n<div class=\"wp-block-columns is-layout-flex wp-container-core-columns-is-layout-9d6595d7 wp-block-columns-is-layout-flex\">\n<div class=\"wp-block-column is-layout-flow wp-block-column-is-layout-flow\" style=\"flex-basis:33.33%\">\n<p><\/p>\n\n\n\n<p><strong>Bauherr: <\/strong>Mugla Municipality<br><strong>Standort: <\/strong>T\u00fcrkei<br><strong>Architekt:<\/strong> Karasu, Dere<br>(LP1-5)<br><strong>Klimakonzept: <\/strong>Karasu<br><strong>NGF: <\/strong>5.983 m\u00b2<br><strong>Stand:<\/strong> Gebaut, 2019<\/p>\n<\/div>\n\n\n\n<div class=\"wp-block-column is-layout-flow wp-block-column-is-layout-flow\" style=\"flex-basis:66.66%\">\n<figure class=\"wp-block-image size-large\"><img loading=\"lazy\" decoding=\"async\" width=\"1024\" height=\"615\" src=\"http:\/\/ardakarasu.com\/home\/wp-content\/uploads\/2022\/05\/yatagan-2-01-1024x615.jpeg\" alt=\"\" class=\"wp-image-199\" srcset=\"https:\/\/ardakarasu.com\/wp-content\/uploads\/2022\/05\/yatagan-2-01-1024x615.jpeg 1024w, https:\/\/ardakarasu.com\/wp-content\/uploads\/2022\/05\/yatagan-2-01-300x180.jpeg 300w, https:\/\/ardakarasu.com\/wp-content\/uploads\/2022\/05\/yatagan-2-01-768x461.jpeg 768w, https:\/\/ardakarasu.com\/wp-content\/uploads\/2022\/05\/yatagan-2-01-1200x721.jpeg 1200w, https:\/\/ardakarasu.com\/wp-content\/uploads\/2022\/05\/yatagan-2-01.jpeg 1269w\" sizes=\"auto, (max-width: 1024px) 100vw, 1024px\" \/><\/figure>\n<\/div>\n<\/div>\n\n\n\n<p>Klimagerechtes Bauen mit passiver Regulation:<\/p>\n\n\n\n<ul class=\"wp-block-list\"><li>Nat\u00fcrliche Bel\u00fcftung und Nachtl\u00fcftung<\/li><li>Zwischenr\u00e4ume als Pufferzone<\/li><li>Enge Erschlie\u00dfungsr\u00e4ume f\u00fcr Verschattung<\/li><li>Angepasste A\/V Verh\u00e4ltnis f\u00fcr geringf\u00fcgigen W\u00e4rmeverlust<\/li><li>Warmwasser und Heizungsunterst\u00fctzung mit thermischer<br>Solaranlage<\/li><\/ul>\n\n\n\n<figure class=\"wp-block-image size-large\"><img loading=\"lazy\" decoding=\"async\" width=\"1024\" height=\"590\" src=\"http:\/\/ardakarasu.com\/home\/wp-content\/uploads\/2022\/05\/fachhochschule-edited-1024x590.png\" alt=\"\" class=\"wp-image-181\" srcset=\"https:\/\/ardakarasu.com\/wp-content\/uploads\/2022\/05\/fachhochschule-edited-1024x590.png 1024w, https:\/\/ardakarasu.com\/wp-content\/uploads\/2022\/05\/fachhochschule-edited-300x173.png 300w, https:\/\/ardakarasu.com\/wp-content\/uploads\/2022\/05\/fachhochschule-edited-768x443.png 768w, https:\/\/ardakarasu.com\/wp-content\/uploads\/2022\/05\/fachhochschule-edited.png 1067w\" sizes=\"auto, (max-width: 1024px) 100vw, 1024px\" \/><\/figure>\n\n\n\n<figure class=\"wp-block-image size-full\"><img loading=\"lazy\" decoding=\"async\" width=\"960\" height=\"670\" src=\"http:\/\/ardakarasu.com\/home\/wp-content\/uploads\/2022\/08\/137674497__Zk7OXOY7HDlm8USC_XAv3wO6J17AqniFixGRU_IDtQ-01.jpeg\" alt=\"\" class=\"wp-image-295\" srcset=\"https:\/\/ardakarasu.com\/wp-content\/uploads\/2022\/08\/137674497__Zk7OXOY7HDlm8USC_XAv3wO6J17AqniFixGRU_IDtQ-01.jpeg 960w, https:\/\/ardakarasu.com\/wp-content\/uploads\/2022\/08\/137674497__Zk7OXOY7HDlm8USC_XAv3wO6J17AqniFixGRU_IDtQ-01-300x209.jpeg 300w, https:\/\/ardakarasu.com\/wp-content\/uploads\/2022\/08\/137674497__Zk7OXOY7HDlm8USC_XAv3wO6J17AqniFixGRU_IDtQ-01-768x536.jpeg 768w\" sizes=\"auto, (max-width: 960px) 100vw, 960px\" \/><\/figure>\n","protected":false},"excerpt":{"rendered":"<p>Bauherr: Mugla MunicipalityStandort: T\u00fcrkeiArchitekt: Karasu, Dere(LP1-5)Klimakonzept: KarasuNGF: 5.983 m\u00b2Stand: Gebaut, 2019 Klimagerechtes Bauen mit passiver Regulation: Nat\u00fcrliche Bel\u00fcftung und Nachtl\u00fcftung Zwischenr\u00e4ume als Pufferzone Enge Erschlie\u00dfungsr\u00e4ume f\u00fcr Verschattung Angepasste A\/V Verh\u00e4ltnis f\u00fcr geringf\u00fcgigen W\u00e4rmeverlust Warmwasser und Heizungsunterst\u00fctzung mit thermischerSolaranlage<\/p>\n","protected":false},"author":1,"featured_media":0,"parent":0,"menu_order":0,"comment_status":"closed","ping_status":"closed","template":"","meta":{"footnotes":""},"class_list":["post-64","page","type-page","status-publish","hentry"],"_links":{"self":[{"href":"https:\/\/ardakarasu.com\/index.php?rest_route=\/wp\/v2\/pages\/64","targetHints":{"allow":["GET"]}}],"collection":[{"href":"https:\/\/ardakarasu.com\/index.php?rest_route=\/wp\/v2\/pages"}],"about":[{"href":"https:\/\/ardakarasu.com\/index.php?rest_route=\/wp\/v2\/types\/page"}],"author":[{"embeddable":true,"href":"https:\/\/ardakarasu.com\/index.php?rest_route=\/wp\/v2\/users\/1"}],"replies":[{"embeddable":true,"href":"https:\/\/ardakarasu.com\/index.php?rest_route=%2Fwp%2Fv2%2Fcomments&post=64"}],"version-history":[{"count":3,"href":"https:\/\/ardakarasu.com\/index.php?rest_route=\/wp\/v2\/pages\/64\/revisions"}],"predecessor-version":[{"id":296,"href":"https:\/\/ardakarasu.com\/index.php?rest_route=\/wp\/v2\/pages\/64\/revisions\/296"}],"wp:attachment":[{"href":"https:\/\/ardakarasu.com\/index.php?rest_route=%2Fwp%2Fv2%2Fmedia&parent=64"}],"curies":[{"name":"wp","href":"https:\/\/api.w.org\/{rel}","templated":true}]}}