{"id":60,"date":"2022-05-13T11:34:13","date_gmt":"2022-05-13T09:34:13","guid":{"rendered":"http:\/\/ardakarasu.com\/home\/?page_id=60"},"modified":"2024-06-13T11:36:55","modified_gmt":"2024-06-13T09:36:55","slug":"klima","status":"publish","type":"page","link":"https:\/\/ardakarasu.com\/?page_id=60","title":{"rendered":"Klima und Anlagen"},"content":{"rendered":"\n<div class=\"wp-block-columns is-layout-flex wp-container-core-columns-is-layout-9d6595d7 wp-block-columns-is-layout-flex\">\n<div class=\"wp-block-column is-layout-flow wp-block-column-is-layout-flow\" style=\"flex-basis:33.33%\">\n<p>Modul : MA 21 Integrierter Entwurf II<br>Energie- und klimaoptimierte Architektur, Klima II<br>Art der Lehrveranstaltung: PIV<br>SWS \/ LP (nach ECTS): 4 \/ 6<br>Pr\u00fcfungsleistung : Simulationen, Mappe<br>TU Berlin WiSe 2012-13, Master<\/p>\n<\/div>\n\n\n\n<div class=\"wp-block-column is-layout-flow wp-block-column-is-layout-flow\" style=\"flex-basis:66.66%\">\n<p>Die Stadt unter der Glaskuppel ist eine klassische Utopie, der im Entwurfsprojekt \u201eKlimah\u00fcllen\u201c mit Blankenfelde-Mahlow ein Ort gegeben wurde. Unter einer Glash\u00fclle entsteht ein Klima, das sich von<br>dem Berlins fundamental unterscheidet. Eine solche Welt, in welcher der einstige Au\u00dfenraum zu einer Art Pufferzone umdefiniert wird, stellt tradierte Prinzipien der Architekturproduktion in Frage und verlangt nach neuen ph\u00e4notypischen Auspr\u00e4gungen. Das Seminar ist an das parallel laufende Entwurfsprojekt Klimah\u00fcllen gekoppelt und<br>wird die dort entwickelten Entwurfsideen hinsichtlich ihrer Kompatibilit\u00e4t mit dem H\u00fcllklima hinterfragen.<\/p>\n\n\n\n<p><br>Stichw\u00f6rter:<br>Simulation, CO2, Verschattung, Tageslicht, Energieeffizienz, Akustik<\/p>\n<\/div>\n<\/div>\n\n\n\n<figure class=\"wp-block-image size-full\"><img loading=\"lazy\" decoding=\"async\" width=\"775\" height=\"488\" src=\"http:\/\/ardakarasu.com\/home\/wp-content\/uploads\/2024\/06\/klima-2.jpg\" alt=\"\" class=\"wp-image-428\" srcset=\"https:\/\/ardakarasu.com\/wp-content\/uploads\/2024\/06\/klima-2.jpg 775w, https:\/\/ardakarasu.com\/wp-content\/uploads\/2024\/06\/klima-2-300x189.jpg 300w, https:\/\/ardakarasu.com\/wp-content\/uploads\/2024\/06\/klima-2-768x484.jpg 768w\" sizes=\"auto, (max-width: 775px) 100vw, 775px\" \/><\/figure>\n","protected":false},"excerpt":{"rendered":"<p>Modul : MA 21 Integrierter Entwurf IIEnergie- und klimaoptimierte Architektur, Klima IIArt der Lehrveranstaltung: PIVSWS \/ LP (nach ECTS): 4 \/ 6Pr\u00fcfungsleistung : Simulationen, MappeTU Berlin WiSe 2012-13, Master Die Stadt unter der Glaskuppel ist eine klassische Utopie, der im Entwurfsprojekt \u201eKlimah\u00fcllen\u201c mit Blankenfelde-Mahlow ein Ort gegeben wurde. Unter einer Glash\u00fclle entsteht ein Klima, das [&hellip;]<\/p>\n","protected":false},"author":1,"featured_media":0,"parent":0,"menu_order":0,"comment_status":"closed","ping_status":"closed","template":"","meta":{"footnotes":""},"class_list":["post-60","page","type-page","status-publish","hentry"],"_links":{"self":[{"href":"https:\/\/ardakarasu.com\/index.php?rest_route=\/wp\/v2\/pages\/60","targetHints":{"allow":["GET"]}}],"collection":[{"href":"https:\/\/ardakarasu.com\/index.php?rest_route=\/wp\/v2\/pages"}],"about":[{"href":"https:\/\/ardakarasu.com\/index.php?rest_route=\/wp\/v2\/types\/page"}],"author":[{"embeddable":true,"href":"https:\/\/ardakarasu.com\/index.php?rest_route=\/wp\/v2\/users\/1"}],"replies":[{"embeddable":true,"href":"https:\/\/ardakarasu.com\/index.php?rest_route=%2Fwp%2Fv2%2Fcomments&post=60"}],"version-history":[{"count":3,"href":"https:\/\/ardakarasu.com\/index.php?rest_route=\/wp\/v2\/pages\/60\/revisions"}],"predecessor-version":[{"id":431,"href":"https:\/\/ardakarasu.com\/index.php?rest_route=\/wp\/v2\/pages\/60\/revisions\/431"}],"wp:attachment":[{"href":"https:\/\/ardakarasu.com\/index.php?rest_route=%2Fwp%2Fv2%2Fmedia&parent=60"}],"curies":[{"name":"wp","href":"https:\/\/api.w.org\/{rel}","templated":true}]}}