{"id":56,"date":"2022-05-13T11:34:13","date_gmt":"2022-05-13T09:34:13","guid":{"rendered":"http:\/\/ardakarasu.com\/home\/?page_id=56"},"modified":"2023-10-05T16:10:46","modified_gmt":"2023-10-05T14:10:46","slug":"veroeffentlichungen","status":"publish","type":"page","link":"https:\/\/ardakarasu.com\/?page_id=56","title":{"rendered":"Ver\u00f6ffentlichungen"},"content":{"rendered":"\n<figure class=\"wp-block-image size-full\"><img loading=\"lazy\" decoding=\"async\" width=\"750\" height=\"488\" src=\"http:\/\/ardakarasu.com\/home\/wp-content\/uploads\/2022\/08\/buch-small.jpg\" alt=\"\" class=\"wp-image-330\" srcset=\"https:\/\/ardakarasu.com\/wp-content\/uploads\/2022\/08\/buch-small.jpg 750w, https:\/\/ardakarasu.com\/wp-content\/uploads\/2022\/08\/buch-small-300x195.jpg 300w\" sizes=\"auto, (max-width: 750px) 100vw, 750px\" \/><\/figure>\n\n\n\n<p>\u00dcber 17 wissenschaftliche Ver\u00f6ffentlichungen von mir wurden unter anderem in renommierten Fachzeitschriften wie z. B. \u201eBuilding and Energy\u201c und bei diversen Konferenzen\/Symposien publiziert. Zudem bin ich seit zwei Jahren Mitglied des wissenschaftlichen Ausschusses der j\u00e4hrlich stattfindenden BAUSIM Konferenz, welche im europ\u00e4ischen Raum die anerkannteste Veranstaltung der Branche ist.<br>Themenfelder der Ver\u00f6ffentlichungen:<\/p>\n\n\n\n<ul class=\"wp-block-list\">\n<li>Architektur<\/li>\n\n\n\n<li>Energieeffizienz<\/li>\n\n\n\n<li>Geb\u00e4udesimulationen<\/li>\n\n\n\n<li>Fassadenkonzepte<\/li>\n\n\n\n<li>Klimaneutrale Sanierung (Geb\u00e4ude und Quartiere)<\/li>\n\n\n\n<li>W\u00e4rmeschutzkonzepte<\/li>\n\n\n\n<li>Geb\u00e4udetechnik<\/li>\n\n\n\n<li>L\u00e4rmschutz und Raumakustik<\/li>\n<\/ul>\n\n\n\n<p>Liste der wissenschaftlichen Ver\u00f6ffentlichungen:<\/p>\n\n\n\n<p><a href=\"https:\/\/www.researchgate.net\/publication\/373688947_Methodology_to_compare_and_optimize_district_heating_and_decentralized_heat_supply_for_energy_transformation_on_a_municipality_level\"><strong>2023 <\/strong>Methodology to compare and optimize district heating and decentralized heat supply for energy transformation on a municipality level, Energy Journal<\/a><\/p>\n\n\n\n<p><a href=\"https:\/\/www.researchgate.net\/publication\/373946437_Climate-resilience_examination_of_retrofitting_measures_based_on_future_climate_data_and_energy_supply_with_waste_heat\"><strong>2023<\/strong> Climate-resilience examination of retrofitting measures based on future climate data and energy supply with waste heat, Shanghai<\/a><\/p>\n\n\n\n<p><a href=\"https:\/\/www.uni-weimar.de\/fileadmin\/user\/fak\/bauing\/professuren_institute\/Bauphysik\/07_BauSIM_2022\/BauSIM2022_Programm.pdf\" target=\"_blank\" rel=\"noreferrer noopener\"><strong>2022<\/strong> Simulation-based vulnerability analysis of summer heat protection<br>calculations in Germany, Bausim 2022, Weimar<\/a><\/p>\n\n\n\n<p class=\"has-primary-color has-text-color\"><a href=\"https:\/\/www.uni-weimar.de\/fileadmin\/user\/fak\/bauing\/professuren_institute\/Bauphysik\/07_BauSIM_2022\/BauSIM2022_Programm.pdf\" target=\"_blank\" rel=\"noreferrer noopener\"><strong>2022<\/strong> Evaluation of the validation methods of summer heat protection<br>calculations in Germany, Bausim 2022, Weimar<\/a><\/p>\n\n\n\n<p class=\"has-primary-color has-text-color\"><a href=\"https:\/\/www.sciencedirect.com\/science\/article\/abs\/pii\/S0378778821001262\"><strong>2021 <\/strong>A methodology <\/a><a href=\"https:\/\/www.sciencedirect.com\/science\/article\/abs\/pii\/S0378778821001262\" target=\"_blank\" rel=\"noreferrer noopener\">to<\/a><a href=\"https:\/\/www.sciencedirect.com\/science\/article\/abs\/pii\/S0378778821001262\"> support decision-making <\/a><a href=\"https:\/\/www.sciencedirect.com\/science\/article\/abs\/pii\/S0378778821001262\" target=\"_blank\" rel=\"noreferrer noopener\">process for energy retrofitting at district scale, Building Energy Journal<\/a><\/p>\n\n\n\n<p class=\"has-primary-color has-text-color\"><a href=\"https:\/\/www.e3s-conferences.org\/articles\/e3sconf\/abs\/2020\/32\/e3sconf_nsb2020_15003\/e3sconf_nsb2020_15003.html\" target=\"_blank\" rel=\"noreferrer noopener\"><strong>2020 <\/strong>Climate Adaptation of Listed Buildings; NSB2020, Tallinn, Estonia<\/a><\/p>\n\n\n\n<p class=\"has-primary-color has-text-color\"><a href=\"https:\/\/iopscience.iop.org\/article\/10.1088\/1755-1315\/397\/1\/012003\" target=\"_blank\" rel=\"noreferrer noopener\"><strong>2019<\/strong> Simulation-based energy efficiency retrofit of listed buildings BS Cairo, Egypt<\/a><\/p>\n\n\n\n<p class=\"has-primary-color has-text-color\"><a href=\"http:\/\/www.ibpsa.org\/proceedings\/BS2017\/BS2017_153.pdf\" target=\"_blank\" rel=\"noreferrer noopener\"><strong>2017 <\/strong>Architectural and Geometrical Simplifications for Multi-Zone-Building Models for Urban Refurbishment Projects, Building Simulation 2017, San Francisco, USA<\/a><\/p>\n\n\n\n<p class=\"has-primary-color has-text-color\"><strong>2014 <\/strong>L\u00e4rmschutz durch Klimah\u00fcllen: Wissenschaftler der TU Berlin erforschen Nutzungsm\u00f6glichkeiten, In: Baustoff Praxis, 1195, ISSN: 1869-2206<\/p>\n\n\n\n<p class=\"has-primary-color has-text-color\"><a rel=\"noreferrer noopener\" href=\"https:\/\/depositonce.tu-berlin.de\/handle\/11303\/4148\" target=\"_blank\"><strong>2013 <\/strong>Bauen mit Klimah\u00fcllen ISBN 978-3-7983-2648-4 <\/a><\/p>\n\n\n\n<p class=\"has-primary-color has-text-color\"><strong>2013 <\/strong>Climate Change and Regional Response, Dresden: Regional Thermal Energy Network Based on Waste Energy<\/p>\n\n\n\n<p class=\"has-primary-color has-text-color\"><strong>2012 <\/strong>BIG: Building Integrated Greenhouses Energy Forum Bressanone, Italien<\/p>\n\n\n\n<p class=\"has-primary-color has-text-color\"><a href=\"http:\/\/www.isvshome.com\/pdf\/ISVS_2-1\/ISVS-2-1%204%20Arda-Karasu.pdf\" target=\"_blank\" rel=\"noreferrer noopener\"><strong>2011 <\/strong>From Tradition to Modernity: Innovative shadings to save energy in residential architecture of Bodrum, Tur key; ISVS e-journal, Vol. 2, Issue. 1<\/a><\/p>\n\n\n\n<p class=\"has-primary-color has-text-color\"><a href=\"http:\/\/info.tuwien.ac.at\/bausim\/conftool\/karasu-2010-building_energy_performance_simulations-172.pdf\" target=\"_blank\" rel=\"noreferrer noopener\"><strong>2010<\/strong> Building Energy Performance Simulations of the Residential Houses in Mediterranean Climate, Bausim 2010, TU-Wien, \u00d6sterreich<\/a><\/p>\n\n\n\n<p class=\"has-primary-color has-text-color\"><a rel=\"noreferrer noopener\" href=\"https:\/\/do.tu-berlin.de\/bitstream\/11303\/2675\/1\/Dokument_41.pdf\" target=\"_blank\"><strong>2009 <\/strong>Concepts for energy savings in the housing sector of Bodrum, Turkey, ISBN 978 3 7983 2193-9 <\/a><\/p>\n\n\n\n<p class=\"has-primary-color has-text-color\"><strong>2009<\/strong> Subcutis of Buildings,International Ecological Architecture and Planning Symposium, Turkey<\/p>\n\n\n\n<p class=\"has-primary-color has-text-color\"><strong>2009 <\/strong>Computer Assisted Analysis of Solar Active Systems, Renewable Energy Resources Symposium, Turkey<\/p>\n\n\n\n<p class=\"has-primary-color has-text-color\"><strong>2008 <\/strong>Active and passive use of renewable energy, Environmental and Structural Future of Bodrum Symposium<\/p>\n\n\n\n<p class=\"has-primary-color has-text-color\"><strong>2006 <\/strong>Design with climate in Bodrum\u2019s housing sector, Aegean Energy Symposium III<\/p>\n","protected":false},"excerpt":{"rendered":"<p>\u00dcber 17 wissenschaftliche Ver\u00f6ffentlichungen von mir wurden unter anderem in renommierten Fachzeitschriften wie z. B. \u201eBuilding and Energy\u201c und bei diversen Konferenzen\/Symposien publiziert. Zudem bin ich seit zwei Jahren Mitglied des wissenschaftlichen Ausschusses der j\u00e4hrlich stattfindenden BAUSIM Konferenz, welche im europ\u00e4ischen Raum die anerkannteste Veranstaltung der Branche ist.Themenfelder der Ver\u00f6ffentlichungen: Liste der wissenschaftlichen Ver\u00f6ffentlichungen: 2023 [&hellip;]<\/p>\n","protected":false},"author":1,"featured_media":0,"parent":0,"menu_order":0,"comment_status":"closed","ping_status":"closed","template":"","meta":{"footnotes":""},"class_list":["post-56","page","type-page","status-publish","hentry"],"_links":{"self":[{"href":"https:\/\/ardakarasu.com\/index.php?rest_route=\/wp\/v2\/pages\/56","targetHints":{"allow":["GET"]}}],"collection":[{"href":"https:\/\/ardakarasu.com\/index.php?rest_route=\/wp\/v2\/pages"}],"about":[{"href":"https:\/\/ardakarasu.com\/index.php?rest_route=\/wp\/v2\/types\/page"}],"author":[{"embeddable":true,"href":"https:\/\/ardakarasu.com\/index.php?rest_route=\/wp\/v2\/users\/1"}],"replies":[{"embeddable":true,"href":"https:\/\/ardakarasu.com\/index.php?rest_route=%2Fwp%2Fv2%2Fcomments&post=56"}],"version-history":[{"count":7,"href":"https:\/\/ardakarasu.com\/index.php?rest_route=\/wp\/v2\/pages\/56\/revisions"}],"predecessor-version":[{"id":399,"href":"https:\/\/ardakarasu.com\/index.php?rest_route=\/wp\/v2\/pages\/56\/revisions\/399"}],"wp:attachment":[{"href":"https:\/\/ardakarasu.com\/index.php?rest_route=%2Fwp%2Fv2%2Fmedia&parent=56"}],"curies":[{"name":"wp","href":"https:\/\/api.w.org\/{rel}","templated":true}]}}